{"id":1744,"date":"2025-03-17T11:12:00","date_gmt":"2025-03-17T11:12:00","guid":{"rendered":"http:\/\/www.phparena.net\/?page_id=1744"},"modified":"2025-03-18T10:15:30","modified_gmt":"2025-03-18T10:15:30","slug":"juegos-casino-jugadores-chilenos-2","status":"publish","type":"page","link":"https:\/\/www.phparena.net\/chile\/","title":{"rendered":"Juegos de casino para jugadores Chilenos"},"content":{"rendered":"","protected":false},"excerpt":{"rendered":"","protected":false},"author":1,"featured_media":0,"parent":0,"menu_order":0,"comment_status":"closed","ping_status":"closed","template":"","meta":{"footnotes":""},"class_list":["post-1744","page","type-page","status-publish","hentry"],"yoast_head":"<!-- This site is optimized with the Yoast SEO plugin v27.4 - https:\/\/yoast.com\/product\/yoast-seo-wordpress\/ -->\n<title>Mejores Casinos Chilenos 2025 \u2013 Gratis $4,000 en Bonos!<\/title>\n<meta name=\"description\" content=\"Encuentra los mejores casinos en l\u00ednea para chilenos. Revisa nuestras rese\u00f1as con los casinos m\u00e1s seguros en Chile y los mejores bonos de bienvenida.\" \/>\n<meta name=\"robots\" content=\"index, follow, max-snippet:-1, max-image-preview:large, max-video-preview:-1\" \/>\n<link rel=\"canonical\" href=\"https:\/\/www.phparena.net\/chile\/\" \/>\n<meta property=\"og:locale\" content=\"es_ES\" \/>\n<meta property=\"og:type\" content=\"article\" \/>\n<meta property=\"og:title\" content=\"Mejores Casinos Chilenos 2025 \u2013 Gratis $4,000 en Bonos!\" \/>\n<meta property=\"og:description\" content=\"Encuentra los mejores casinos en l\u00ednea para chilenos. Revisa nuestras rese\u00f1as con los casinos m\u00e1s seguros en Chile y los mejores bonos de bienvenida.\" \/>\n<meta property=\"og:url\" content=\"https:\/\/www.phparena.net\/chile\/\" \/>\n<meta property=\"og:site_name\" content=\"PHPARENA.NET - CHILE\" \/>\n<meta property=\"article:modified_time\" content=\"2025-03-18T10:15:30+00:00\" \/>\n<meta name=\"twitter:card\" content=\"summary_large_image\" \/>\n<meta name=\"twitter:label1\" content=\"Tiempo estimado de lectura\" \/>\n\t<meta name=\"twitter:data1\" content=\"16 minutos\" \/>\n<script type=\"application\/ld+json\" class=\"yoast-schema-graph\">{\"@context\":\"https:\\\/\\\/schema.org\",\"@graph\":[{\"@type\":\"WebPage\",\"@id\":\"https:\\\/\\\/www.phparena.net\\\/chile\\\/\",\"url\":\"https:\\\/\\\/www.phparena.net\\\/chile\\\/\",\"name\":\"Mejores Casinos Chilenos 2025 \u2013 Gratis $4,000 en Bonos!\",\"isPartOf\":{\"@id\":\"https:\\\/\\\/www.phparena.net\\\/chile\\\/#website\"},\"datePublished\":\"2025-03-17T11:12:00+00:00\",\"dateModified\":\"2025-03-18T10:15:30+00:00\",\"description\":\"Encuentra los mejores casinos en l\u00ednea para chilenos. Revisa nuestras rese\u00f1as con los casinos m\u00e1s seguros en Chile y los mejores bonos de bienvenida.\",\"breadcrumb\":{\"@id\":\"https:\\\/\\\/www.phparena.net\\\/chile\\\/#breadcrumb\"},\"inLanguage\":\"es-CL\",\"potentialAction\":[{\"@type\":\"ReadAction\",\"target\":[\"https:\\\/\\\/www.phparena.net\\\/chile\\\/\"]}]},{\"@type\":\"BreadcrumbList\",\"@id\":\"https:\\\/\\\/www.phparena.net\\\/chile\\\/#breadcrumb\",\"itemListElement\":[{\"@type\":\"ListItem\",\"position\":1,\"name\":\"Home\",\"item\":\"https:\\\/\\\/www.phparena.net\\\/chile\\\/\"},{\"@type\":\"ListItem\",\"position\":2,\"name\":\"Juegos de casino para jugadores Chilenos\"}]},{\"@type\":\"WebSite\",\"@id\":\"https:\\\/\\\/www.phparena.net\\\/chile\\\/#website\",\"url\":\"https:\\\/\\\/www.phparena.net\\\/chile\\\/\",\"name\":\"PHPARENA.NET - CHILE\",\"description\":\"\",\"potentialAction\":[{\"@type\":\"SearchAction\",\"target\":{\"@type\":\"EntryPoint\",\"urlTemplate\":\"https:\\\/\\\/www.phparena.net\\\/chile\\\/?s={search_term_string}\"},\"query-input\":{\"@type\":\"PropertyValueSpecification\",\"valueRequired\":true,\"valueName\":\"search_term_string\"}}],\"inLanguage\":\"es-CL\"}]}<\/script>\n<!-- \/ Yoast SEO plugin. -->","yoast_head_json":{"title":"Mejores Casinos Chilenos 2025 \u2013 Gratis $4,000 en Bonos!","description":"Encuentra los mejores casinos en l\u00ednea para chilenos. Revisa nuestras rese\u00f1as con los casinos m\u00e1s seguros en Chile y los mejores bonos de bienvenida.","robots":{"index":"index","follow":"follow","max-snippet":"max-snippet:-1","max-image-preview":"max-image-preview:large","max-video-preview":"max-video-preview:-1"},"canonical":"https:\/\/www.phparena.net\/chile\/","og_locale":"es_ES","og_type":"article","og_title":"Mejores Casinos Chilenos 2025 \u2013 Gratis $4,000 en Bonos!","og_description":"Encuentra los mejores casinos en l\u00ednea para chilenos. Revisa nuestras rese\u00f1as con los casinos m\u00e1s seguros en Chile y los mejores bonos de bienvenida.","og_url":"https:\/\/www.phparena.net\/chile\/","og_site_name":"PHPARENA.NET - CHILE","article_modified_time":"2025-03-18T10:15:30+00:00","twitter_card":"summary_large_image","twitter_misc":{"Tiempo estimado de lectura":"16 minutos"},"schema":{"@context":"https:\/\/schema.org","@graph":[{"@type":"WebPage","@id":"https:\/\/www.phparena.net\/chile\/","url":"https:\/\/www.phparena.net\/chile\/","name":"Mejores Casinos Chilenos 2025 \u2013 Gratis $4,000 en Bonos!","isPartOf":{"@id":"https:\/\/www.phparena.net\/chile\/#website"},"datePublished":"2025-03-17T11:12:00+00:00","dateModified":"2025-03-18T10:15:30+00:00","description":"Encuentra los mejores casinos en l\u00ednea para chilenos. Revisa nuestras rese\u00f1as con los casinos m\u00e1s seguros en Chile y los mejores bonos de bienvenida.","breadcrumb":{"@id":"https:\/\/www.phparena.net\/chile\/#breadcrumb"},"inLanguage":"es-CL","potentialAction":[{"@type":"ReadAction","target":["https:\/\/www.phparena.net\/chile\/"]}]},{"@type":"BreadcrumbList","@id":"https:\/\/www.phparena.net\/chile\/#breadcrumb","itemListElement":[{"@type":"ListItem","position":1,"name":"Home","item":"https:\/\/www.phparena.net\/chile\/"},{"@type":"ListItem","position":2,"name":"Juegos de casino para jugadores Chilenos"}]},{"@type":"WebSite","@id":"https:\/\/www.phparena.net\/chile\/#website","url":"https:\/\/www.phparena.net\/chile\/","name":"PHPARENA.NET - CHILE","description":"","potentialAction":[{"@type":"SearchAction","target":{"@type":"EntryPoint","urlTemplate":"https:\/\/www.phparena.net\/chile\/?s={search_term_string}"},"query-input":{"@type":"PropertyValueSpecification","valueRequired":true,"valueName":"search_term_string"}}],"inLanguage":"es-CL"}]}},"_links":{"self":[{"href":"https:\/\/www.phparena.net\/chile\/wp-json\/wp\/v2\/pages\/1744","targetHints":{"allow":["GET"]}}],"collection":[{"href":"https:\/\/www.phparena.net\/chile\/wp-json\/wp\/v2\/pages"}],"about":[{"href":"https:\/\/www.phparena.net\/chile\/wp-json\/wp\/v2\/types\/page"}],"author":[{"embeddable":true,"href":"https:\/\/www.phparena.net\/chile\/wp-json\/wp\/v2\/users\/1"}],"replies":[{"embeddable":true,"href":"https:\/\/www.phparena.net\/chile\/wp-json\/wp\/v2\/comments?post=1744"}],"version-history":[{"count":60,"href":"https:\/\/www.phparena.net\/chile\/wp-json\/wp\/v2\/pages\/1744\/revisions"}],"predecessor-version":[{"id":3123,"href":"https:\/\/www.phparena.net\/chile\/wp-json\/wp\/v2\/pages\/1744\/revisions\/3123"}],"wp:attachment":[{"href":"https:\/\/www.phparena.net\/chile\/wp-json\/wp\/v2\/media?parent=1744"}],"curies":[{"name":"wp","href":"https:\/\/api.w.org\/{rel}","templated":true}]}}